late a(1).
13
Let z(y) = -64*y + 777. Determine z(12).
9
Let n(d) = -d + 2. What is n(8)?
-6
Let q(j) = 5*j**3 - 5*j**2 - 6*j - 2. Calculate q(-1).
-6
Let r(f) = f**3 + 11*f**2 + 4*f + 38. What is r(-11)?
-6
Let u(r) = 4*r**3 - 7*r**2 + 16*r - 12. Calculate u(2).
24
Let n(i) = -2*i**3 + 6*i**2 - 8*i + 12. Give n(5).
-128
Let p(g) = -g**3 + 11*g - 19. Calculate p(3).
-13
Let f(k) = -k**2 + 7*k + 3. Give f(7).
3
Let o(p) = -p**2 + 11*p - 25. What is o(5)?
5
Let g(x) = -x**3 - 11*x**2 - 8*x - 2. Give g(-10).
-22
Let a(d) = -d**3 + d + 51. Determine a(0).
51
Let c(j) = 14*j - 191. What is c(13)?
-9
Let w(y) = -8*y - 90. Determine w(-15).
30
Let t(w) = -w**3 + 7*w**2 - 8*w + 3. Determine t(6).
-9
Let z(k) = 3*k**2 + 28*k - 14. Determine z(-9).
-23
Let x(w) = w + 4. What is x(-1)?
3
Let j(k) = 44*k - 300. What is j(7)?
8
Let q(p) = -p**2 + 13*p - 5. Calculate q(11).
17
Let j(d) = d**3 - 2*d**2 - 5*d + 6. Give j(3).
0
Let i(d) = -32*d + 17. Calculate i(0).
17
Let k(x) = -3*x + 17. Give k(14).
-25
Let j(m) = m**3 - 30*m**2 - 98*m - 36. Determine j(33).
-3
Let m(r) = r + 19. Determine m(-11).
8
Let m(y) = -5*y - 4. Give m(-1).
1
Let w(j) = -3*j**2 + 31. Determine w(-4).
-17
Let o(d) = 105*d**2 - 3*d + 5. Determine o(1).
107
Let l(d) = -d**2 - 33*d - 183. What is l(-26)?
-1
Let g(b) = b**2 - 3*b + 3. Calculate g(2).
1
Let w(x) = -3*x**2 - 48*x + 3. Give w(-16).
3
Let j(r) = -4*r**2 - 13*r - 1. Determine j(4).
-117
Let m(r) = r**2 - 14. What is m(5)?
11
Let g(h) = -h**3 + 7*h**2 - 2*h + 4. Determine g(7).
-10
Let m(k) = k**2 + 8*k - 12. What is m(-9)?
-3
Let i(h) = -h + 8. Give i(4).
4
Let u(c) = 2*c - 9. Determine u(6).
3
Let z(c) = -3*c + 29. What is z(11)?
-4
Let f(d) = -d**2 + 25. Determine f(6).
-11
Let y(f) = 26*f**2 - f. Calculate y(-1).
27
Let d(q) = -2*q**3 + 2*q**2 + 7*q - 3. What is d(4)?
-71
Let t(h) = -h**2 + 8*h - 27. Calculate t(6).
-15
Let f(p) = p**2 - p + 6. Give f(3).
12
Let f(c) = -c**2 + 51*c + 4. What is f(51)?
4
Let n(g) = g**2 + 28*g + 131. Determine n(-6).
-1
Let l(k) = 11*k - 328. Calculate l(30).
2
Let q(f) = 10*f. Calculate q(-1).
-10
Let c(t) = -t**2 + 11*t + 12. Give c(13).
-14
Let t(z) = -6*z - 4. Calculate t(-1).
2
Let f(o) = -o**3 - 16*o**2 + 16*o - 24. What is f(-17)?
-7
Let i(s) = -3*s**3 - 17*s**2 + 10*s + 30. What is i(-6)?
6
Let d(o) = -o**3 - 26*o**2 - 25*o + 17. Calculate d(-25).
17
Let s(k) = 3*k - 79. What is s(15)?
-34
Let s(n) = 25*n - 198. Give s(8).
2
Let o(d) = -d - 13. Calculate o(-7).
-6
Let v(t) = -t**2 - 6*t + 21. Calculate v(2).
5
Let h(u) = -u**3 - 10*u**2 + 19*u + 23. Determine h(-12).
83
Let h(q) = -q**3 - 7*q**2 - 3*q - 12. What is h(-6)?
-30
Let g(d) = -d**3 - 4*d**2 + 19*d. Give g(-7).
14
Let s(f) = f**2 - 7*f + 11. Calculate s(5).
1
Let f(t) = -t**3 + t**2 + 4*t - 5. What is f(2)?
-1
Let q(z) = -5*z**2 - 33*z - 33. What is q(-5)?
7
Let z(f) = 2*f**2 - 10*f - 17. Determine z(-4).
55
Let g(i) = -4*i**2 + 22*i + 7. What is g(6)?
-5
Let j(x) = -2*x**2 - 2*x + 6. Determine j(2).
-6
Let z(j) = -j**3 + 7*j**2 + 3*j + 10. Calculate z(8).
-30
Let b(j) = -2*j - 7. Give b(-3).
-1
Let l(s) = -s**3 - 9*s**2 - 9*s + 1. What is l(-8)?
9
Let p(v) = v**3 + 10*v**2 - 5*v - 11. Give p(-9).
115
Let l(b) = 66*b - 65. Calculate l(1).
1
Let k(u) = -66*u - 727. Determine k(-11).
-1
Let t(y) = y - 4. What is t(6)?
2
Let a(h) = -h**3 - 11*h**2 + 8*h - 41. What is a(-12)?
7
Let w(h) = h**2 + 11*h + 6. Give w(-7).
-22
Let g(i) = -i**3 + 11*i**2 - 3*i + 5. Calculate g(0).
5
Let a(z) = 4*z + 2. Give a(-1).
-2
Let h(j) = -2*j**3 + 5*j**2 + 8*j + 2. Calculate h(-2).
22
Let b(z) = -z**3 + 7*z**2 - 10*z + 6. Determine b(6).
-18
Let m(x) = -x**2 + x + 3. Determine m(0).
3
Let u(x) = -40*x + 884. What is u(22)?
4
Let h(z) = -z**3 + 15*z**2 + 17*z - 28. Give h(16).
-12
Let h(x) = -4*x**3 - 15*x**2 + 3*x + 3. Give h(-4).
7
Let w(n) = -n**3 + 9*n**2 - 10*n + 10. Calculate w(8).
-6
Let s(j) = 3*j + 18. Calculate s(10).
48
Let t(x) = -x**2 - 5*x + 1. Determine t(-9).
-35
Let a(c) = -c**3 - 8*c**2 + 10. What is a(-8)?
10
Let o(z) = 2*z**3 + 28*z**2 + 29*z + 55. Give o(-13).
16
Let h(t) = -4*t. Determine h(0).
0
Let g(d) = -2*d**3 - 5*d**2 + 2*d + 5. Give g(-3).
8
Let t(v) = 16*v - 3. Determine t(2).
29
Let t(m) = -18*m - 261. Give t(-14).
-9
Let j(a) = a**3 - 8*a**2 - 8*a - 4. Give j(9).
5
Let n(s) = -4*s**2 + 23*s + 5. Give n(7).
-30
Let c(u) = u**3 + u**2 - 19*u + 7. What is c(-5)?
2
Let q(r) = 2*r**3 + 2*r**2 - 3*r + 2. Calculate q(1).
3
Let f(k) = k**3 + 11*k**2 + 13*k. Give f(-9).
45
Let u(b) = 41*b + 323. Determine u(-8).
-5
Let i(n) = 7*n + 2. What is i(-2)?
-12
Let h(p) = -3*p**2 + 4*p - 3. Determine h(2).
-7
Let x(k) = 9*k - 9. What is x(-4)?
-45
Let b(r) = 2*r**2 - 6*r - 2. Calculate b(3).
-2
Let b(g) = -g**3 - 53*g**2 + 109*g - 59. What is b(-55)?
-4
Let o(k) = -3*k**3 - 6*k - 3. Determine o(-2).
33
Let g(v) = -v**2 - 11*v + 12. Calculate g(-12).
0
Let h(j) = -100*j - 603. Give h(-6).
-3
Let r(k) = k + 28. Calculate r(-21).
7
Let u(d) = -d**3 + 7*d**2 + d + 6. Determine u(7).
13
Let n(j) = -4*j**2 - j + 4. Give n(-3).
-29
Let v(s) = s**3 - 18*s**2 - 22*s + 30. What is v(19)?
-27
Let d(v) = 7*v + 2. Calculate d(15).
107
Let q(m) = 20*m**3 + m - 1. What is q(1)?
20
Let i(m) = 2*m**2 - 17*m + 37. Calculate i(6).
7
Let v(x) = -x**3 + 18*x**2 - 30*x - 4. What is v(16)?
28
Let a(y) = 59*y**2 - 1. Give a(1).
58
Let u(h) = -h**3 + 11*h**2 - 5*h - 38. Determine u(9).
79
Let d(p) = -54*p**2 + 538*p + 13. Calculate d(10).
-7
Let r(d) = -2*d**3 + d**2 + 2*d + 4. Determine r(-2).
20
Let w(h) = -h + 5. Calculate w(6).
-1
Let q(h) = 11*h. Calculate q(3).
33
Let q(r) = r**3 + 20*r**2 + 2*r + 30. Determine q(-20).
-10
Let b(v) = v**2 - 15*v + 20. Determine b(14).
6
Let h(b) = b**3 - 7*b**2 + 5*b - 5. Determine h(6).
-11
Let j(f) = 13*f + 42. What is j(-19)?
-205
Let f(p) = p - 13. What is f(8)?
-5
Let c(r) = -6*r - 52. What is c(-12)?
20
Let w(l) = -l**2 + 5*l - 9. Determine w(4).
-5
Let w(h) = 3*h**3 - 4*h**2 + 4. Give w(2).
12
Let y(i) = -2*i**2 + 111*i - 147. Calculate y(54).
15
Let q(z) = -z + 15. Determine q(-10).
25
Let v(y) = 27*y - 1. Calculate v(0).
-1
Let g(y) = -y**3 - y**2 + y + 1. Determine g(-1).
0
Let g(o) = -o**2 + 46. What is g(0)?
46
Let c(b) = 26*b**2 + 100*b - 11. What is c(-4)?
5
Let p(m) = -15*m - 125. Calculate p(-8).
-5
Let x(s) = -s**3 + 2*s**2 + s + 4. Calculate x(3).
-2
Let a(n) = n**3 - 9*n**2 + 9*n + 11. Give a(8).
19
Let w(d) = -d**3 - 5*d**2 + 34*d + 4. Give w(4).
-4
Let d(v) = 48*v + 297. Give d(-6).
9
Let p(w) = w**3 - 26*w**2 + 48*w - 4. Calculate p(24).
-4
Let p(t) = -t**2 - 8*t + 14. Calculate p(-7).
21
Let c(r) = -3*r - 31. Determine c(-12).
5
Let n(j) = -j**2 - 14*j - 24. Calculate n(-11).
9
Let i(x) = x**2 + 13*x - 16. What is i(-14)?
-2
Let o(w) = -w**3 + 20*w**2 - 66*w + 7. Calculate o(4).
-1
Let l(w) = -4*w - 57. Determine l(-12).
-9
Let m(j) = 9*j - 218. What is m(24)?
-2
Let m(j) = j**3 + 6*j**2 + j + 23. What is m(-6)?
17
Let r(y) = 7*y + 65. Give r(-10).
-5
Let z(u) = -u**3 + 52*u**2 - 102*u + 82. What is z(50)?
-18
Let f(z) = -3*z**2 - 30*z + 26. What is f(-11)?
-7
Let j(r) = -r**3 + 7*r**2 - 7*r - 10. Give j(5).
5
Let u(s) = 2*s**2 + 84*s - 19. What is u(-42)?
-19
Let a(g) = g**3 + 15*g**2 - 8*g - 131. Give a(-15).
-11
Let h(o) = -o**2 + 8*o - 5. Calculate h(7).
2
Let d(z) = -z**3 + 11*z**2 + z + 4. Give d(11).
15
Let h(q) = 82*q**2 + 2*q - 2. What is h(1)?
82
Let h(b) = 45*b + 2. Calculate h(-1).
-43
Let t(w) = -w**2 + 12*w - 24. Give t(9).
3
Let v(h) = -h - 4. Determine v(7).
-11
Let g(a) = 7*a**2 - 32*a + 6. What is g(4)?
-10
Let l(u) = -8*u**3 + 2*u**2 - u - 2. What is l(1)?
-9
Let p(q) = 7*q - 67. What is p(12)?
17
Let w(s) = -s**3 + 10*s**2. Give w(10).
0
Let w(j) = -j**3 - 6*j**2 + 3*j + 1. Give w(-6).
-17
Let d(l) = l**3 - 5*l**2 - 15*l - 2. Calculate d(7).
-9
Let x(d) = -2*d**3 - 3*d**2 + d + 2. Determine x(-2).
4
Let w(o) = o**3 - 2*o**2 + 3*o + 2. What is w(0)?
2
Let l(o) = -7*o - 9. Calculate l(-3).
12
Let c(s) = -s**2 - 28*s - 42. Determine c(-26).
10
Let p(h) = -h**3 + 6*h**2 - 9*h + 17. Calculate p(5).
-3
Let k(s) = -s**2 + 5*s + 12. Determine k(6).
6
Let c(u) = u**2 + 11*u + 3. Give c(-7).
-25
Let m(i) = -i**3 - i**2 + i - 10. Calculate m(0).
-10
Let x(j) = -7*j + 208. Determ